s divided by q.
11
Suppose -510*c + 1540 = -503*c. Calculate the remainder when c is divided by 32.
28
Suppose -4*c + 8 = j, 3*j = -j + 2*c + 14. Let u = 1641 - 1628. Calculate the remainder when u is divided by j.
1
Suppose 2*d = 4*d - 4. Suppose 0 = -4*u - 0*i + d*i + 78, 0 = 3*u + 2*i - 55. Calculate the remainder when u is divided by ((-240)/(-60))/((-4)/(-7)).
5
Let p(k) = -2*k - 3. Let o be p(-3). Let a be (2 + -1)/(o/30). Let j = 26 - a. Calculate the remainder when 47 is divided by j.
15
Let f(r) = 2*r**2 - 2*r - 2. Let l be f(-2). Calculate the remainder when 7 is divided by (l/(-14))/(4/(-28)).
2
Let c be 301*(90/21 + -4). Suppose -31 = 5*g + 5*k - c, -3*g + 37 = 4*k. What is the remainder when 25 is divided by g?
4
Let h(b) = 5*b**2 + 9*b - 27*b - b**3 + 17*b + 10. What is the remainder when 24 is divided by h(5)?
4
Suppose -514*f + 521*f = 56. What is the remainder when f is divided by 15*(-2)/(-8 + 2)?
3
Let q(n) = -n**3 - 11*n**2 - n - 6. Let b be q(-11). Calculate the remainder when 77/b + (-21)/(-35) is divided by 6.
4
Let y(q) = q**2 - 11*q + 92. Suppose -2*d = 2*n + 3*d - 36, n - 5 = 4*d. Calculate the remainder when y(6) is divided by n.
10
Calculate the remainder when (6 - (-10)/(-30))*12 is divided by 26.
16
What is the remainder when 40 is divided by (-68)/(-51)*(-21)/(-2)?
12
Let i = 14527 - 14498. What is the remainder when i is divided by 4/10 - 38/(-5)?
5
Suppose 0 = -4*m + 3 + 17. Suppose -m*s - 4 = -49. Suppose 0 = 2*g - 36 + 4. Calculate the remainder when g is divided by s.
7
What is the remainder when (4 + 18/(-3))*264/(-4) is divided by 40?
12
Let o(h) be the first derivative of 5*h**2/2 + 19*h - 11. What is the remainder when o(0) is divided by 5?
4
Let z(x) = 16*x + 84. Calculate the remainder when 28 is divided by z(-4).
8
Let z(s) = 2*s**3 + s - 6 - 10*s - 4*s**3 - s**2 - 3*s**2. Calculate the remainder when z(-4) is divided by 12.
10
Let m = -29 + 50. Let v = 25 - m. Suppose -v*k + 33 = -k. Calculate the remainder when k is divided by 2.
1
Let v = 137 + -15. What is the remainder when 64/3 + 2/3 is divided by (-13)/65 - v/(-10)?
10
Let u = -23 - -26. Let c be (u/(-6) + -4)*4. Let v = 22 + c. Calculate the remainder when 11 is divided by v.
3
Let p(u) = 5*u - 37. Calculate the remainder when 155 is divided by p(14).
23
What is the remainder when (1215/(-25))/(33/(-110)) is divided by 72?
18
Suppose -1 = -2*q + 3, -5*z - 2*q + 449 = 0. Let j = -37 + z. What is the remainder when j is divided by 14?
10
Let l = 4 + -3. Let u(f) = -2 + f + 7 + f**2 - l. Calculate the remainder when 62 is divided by u(-4).
14
Suppose -3*t + 55 + 12 = 2*c, -5*t - c + 107 = 0. Let v = -4 + t. Calculate the remainder when v is divided by 10.
7
Let l = 102 - 102. Suppose 3*n - 28 = -l*n - s, -69 = -4*n + 5*s. Calculate the remainder when 32 is divided by n.
10
Calculate the remainder when 140/42*(-69)/(-5) is divided by 8.
6
Suppose 0 = -23*f + 18*f + 60. Calculate the remainder when 21 is divided by 3/4*(-104)/f*-2.
8
Let i = -8 + 2. Let q be i/(-15) - (-1824)/15. Suppose q = 3*y + 2*j, 2*y = -j + 122 - 39. Calculate the remainder when y is divided by 15.
14
Let r(m) = -m**2 + 9*m - 5. Suppose 0 = -16*i - 28*i + 2596. What is the remainder when i is divided by r(5)?
14
Suppose -55*w - 630 = -100*w. Suppose -2*i + 0 + 28 = 4*t, t + 3*i = 2. Calculate the remainder when w is divided by t.
6
Let s(t) = 5*t - 30. What is the remainder when 538 is divided by s(8)?
8
Let s = 118 + -20. Suppose 0 = 8*u - 6*u - s. Calculate the remainder when u is divided by 13.
10
Suppose -s - 5 = -a - 3, 3*a = -s - 18. Let i = s - -8. Suppose -5*p = -3*p + i*r - 18, -4*p - 2*r = -30. Calculate the remainder when p is divided by 2.
0
What is the remainder when (-48)/(-56) + 0 + (-2774)/(-14) is divided by 20?
19
Suppose 95 = -s + 6*s. Calculate the remainder when s is divided by 1/(-3) - (-25)/3.
3
Suppose -5*p - 79 = 4*a - 7*a, 4*p - 144 = -5*a. Calculate the remainder when a is divided by 6.
4
Suppose z - 15 = -0*z - 5*i, -5*i = -15. Suppose -14 = -5*a + 1. What is the remainder when (z + -2 - 3)/(-1) is divided by a?
2
What is the remainder when (-69852)/(-132) + 2/(-11) is divided by 9?
7
Suppose -5*r + 43 - 18 = 0. Suppose r*j - 63 - 52 = 0. Suppose 3*p - 4*s - 26 = 0, 3*p - j = p - 3*s. What is the remainder when p is divided by 4?
2
Let v(x) = x**2 - 7*x + 2. Let z be v(7). Suppose 0 = -2*h - z*h - 2*m + 30, -25 = 5*m. Calculate the remainder when 98 is divided by h.
8
Let i be 5*-9*(3 - 2). What is the remainder when 57 is divided by (24/(-9))/(6/i)?
17
Let u = 209 - 169. What is the remainder when 151 is divided by u?
31
Suppose 0 = -6*i + 8*i - 200. Let x = -74 + i. Calculate the remainder when 129 is divided by x.
25
Suppose 8*o = 9*o - 2. Let s(h) = 48*h - 3. What is the remainder when s(o) is divided by 33?
27
Let j(l) = 0*l**2 - 2*l**2 - 4 + 2*l - 2 + 7 + 5*l**3. What is the remainder when 26 is divided by j(1)?
2
Let n(k) = -k + 9. Let s be n(6). Suppose -s - 12 = -5*r. Suppose -47 = -r*w + 61. What is the remainder when w is divided by 13?
10
Suppose 4*n = n + 99. Suppose -h = -3*h + k + 268, 4*h + 2*k = 528. What is the remainder when (0 - 6/3) + h is divided by n?
32
Suppose 2*n + 2*t - 2 = 2, 0 = -2*n + 3*t + 14. Suppose -135 = -n*i - 3. Calculate the remainder when i is divided by 7.
5
Let l(r) = -8 + 11*r + 1 + 11 + 3*r. Let u be l(4). Let w = 139 - u. What is the remainder when w is divided by 27?
25
Suppose -5*o = 8*z - 11*z + 644, 4*o - 20 = 0. What is the remainder when z is divided by 57?
52
Suppose 3*o = 5*b - 2*o - 25, 2*b - 20 = -3*o. Suppose 1529 = b*v + 4*v. What is the remainder when v is divided by 28?
27
Let q(g) = -5*g**3 - 36*g**2 - 7*g + 10. Calculate the remainder when 202 is divided by q(-7).
2
Suppose 115*o + 35 = 120*o. What is the remainder when 129 is divided by o?
3
Let r(q) = -34*q - 24. Calculate the remainder when r(-3) is divided by 5.
3
Suppose -186 + 11 = -5*g. Calculate the remainder when g is divided by 13.
9
Let h(l) = -l**2 - 6*l + 11. Suppose 0 = -4*c - 28 - 8. Let z be h(c). Calculate the remainder when -3 + 3/(-3) - z is divided by 4.
0
Let i(a) be the second derivative of a**3/6 + 11*a**2 - 7*a. Calculate the remainder when 44 is divided by i(-10).
8
Let a(c) = -3*c - 7. Let f be a(-4). Suppose -10*y + f*y + 85 = 0. Suppose 2*x - 3*v = 94, 9 - 1 = 4*v. What is the remainder when x is divided by y?
16
Suppose 0 = -3*t - v + 3*v - 62, -3*v + 104 = -5*t. Let q = 31 + t. Let m = 14 + q. What is the remainder when m is divided by 6?
5
Suppose -72 = -5*l - 22. Suppose l*r = 5*r + 85. Calculate the remainder when 47 is divided by r.
13
Let j = 44 + -20. Let y be (-6 - -3)*(-28)/6. Suppose -y*m = -6*m - 560. Calculate the remainder when m is divided by j.
22
Let z = 225 + -48. What is the remainder when z is divided by 46?
39
Suppose 172 = 20*d + 12. Suppose -3*n - 3 = -4*n. Suppose 0*j - j = -n. Calculate the remainder when d is divided by j.
2
Let h = -559 + 621. What is the remainder when 131 is divided by h?
7
What is the remainder when ((-8)/6)/(((-16)/(-63))/(-8)) is divided by (((-10)/8)/1)/((-6)/72)?
12
Suppose 0 = -u, -4*u + 3 + 66 = z. Suppose 0 = 14*o - 17*o + z. Calculate the remainder when 91 is divided by o.
22
Let r(v) = v**3 - 2*v**2 - 2*v - 1. Let c be r(-1). Let z = 8 + -5. Calculate the remainder when c/((-3)/(14 - 2)) is divided by z.
2
Suppose -3*x + 3*n + 0*n - 3 = 0, 3*x - 5*n = 5. What is the remainder when (144/(-15) - 0)*x is divided by 17?
14
Let q be 1/((-2)/(-6)) - -2. Let c(d) = -d + 6. Let h be c(q). Suppose -5*l = -h - 14. What is the remainder when 3 is divided by l?
0
Suppose 25*b + 6750 = 50*b + 65*b. Calculate the remainder when b is divided by 17 - 1*(0 + -2).
18
Let s(r) = 6*r + 3. Let z be s(2). Suppose z*k - 256 = 239. What is the remainder when k is divided by 17?
16
Suppose -22*j + 1702 = j. Calculate the remainder when 305 is divided by j.
9
Let w(i) = i**3 - 21*i**2 + 25*i - 46. What is the remainder when w(20) is divided by 19?
16
Let v = 0 + 2. Let t be (4/(-1)*1)/((-2)/(-4)). What is the remainder when (-24)/(4/t*v) is divided by 13?
11
Suppose 2*t + 4*p = 18, -3*t = -5*p + 4*p - 20. Let o(k) = -6*k**2 + 26*k - 5. Calculate the remainder when o(3) is divid